{"id":4,"date":"2016-11-01T11:00:32","date_gmt":"2016-11-01T13:00:32","guid":{"rendered":"http:\/\/www.fechalar.com.br\/?page_id=4"},"modified":"2016-12-18T11:56:40","modified_gmt":"2016-12-18T13:56:40","slug":"empresa","status":"publish","type":"page","link":"https:\/\/fechalar.com.br\/?page_id=4","title":{"rendered":"Empresa"},"content":{"rendered":"<p style=\"text-align: justify;\"><span style=\"color: #333333;\">Fundada no ano de 1986 em Porto Alegre, a Casa das Fechaduras Sul Ltda. (cujo nome fantasia \u00e9 FECHA LAR Fechaduras) possui uma ampla \u00e1rea de atendimento e show room\u00a0completo com fechaduras, puxadores, cilindros, dobradi\u00e7as, cremonas, acess\u00f3rios, cadeados, molas hidr\u00e1ulicas e fechos eletr\u00f4nicos.<\/span><br \/>\n<span style=\"color: #333333;\"> Buscando a qualidade e um servi\u00e7o diferenciado de consultoria e venda com profissionais treinados, agregamos itens bem espec\u00edficos ao nosso extenso estoque para atender de uma forma completa as necessidades espec\u00edficas de todos os nossos clientes.<\/span><\/p>\n<h3><span style=\"color: #ff6600;\">Miss\u00e3o, Vis\u00e3o e Valores<\/span><\/h3>\n<p style=\"text-align: justify;\"><span style=\"color: #ff6600;\"><b>Miss\u00e3o:<\/b><\/span> <span style=\"color: #333333;\">O nosso caminho come\u00e7a com a nossa miss\u00e3o. Ela declara nossa proposta como companhia, servindo como padr\u00e3o para como devemos agir e decidir:<\/span><\/p>\n<p style=\"text-align: center;\"><span style=\"color: #333333;\"><em>&#8220;Satisfazer as expectativas de clientes e fornecedores, atrav\u00e9s da venda de produtos de qualidade e da excel\u00eancia na presta\u00e7\u00e3o de servi\u00e7os, com uma equipe de colaboradores comprometida com o desenvolvimento constante da empresa.&#8221;<\/em><\/span><\/p>\n<p><span style=\"color: #ff6600;\"><b>Vis\u00e3o:<\/b><\/span><span style=\"color: #333333;\"> Ser a melhor op\u00e7\u00e3o no mercado em que atua.<\/span><br \/>\n<span style=\"color: #ff6600;\"><b>Valores:<\/b> <\/span><span style=\"color: #333333;\">Integridade, Comprometimento, Valoriza\u00e7\u00e3o Humana, Supera\u00e7\u00e3o de Resultados, Melhoria Continua, Ter a vis\u00e3o do todo, Fazer bem Feito.<\/span><\/p>\n<h3><span style=\"color: #ff6600;\">Marcas:<\/span><\/h3>\n\n\t\t<style type=\"text\/css\">\n\t\t\t#gallery-1 {\n\t\t\t\tmargin: auto;\n\t\t\t}\n\t\t\t#gallery-1 .gallery-item {\n\t\t\t\tfloat: left;\n\t\t\t\tmargin-top: 10px;\n\t\t\t\ttext-align: center;\n\t\t\t\twidth: 33%;\n\t\t\t}\n\t\t\t#gallery-1 img {\n\t\t\t\tborder: 2px solid #cfcfcf;\n\t\t\t}\n\t\t\t#gallery-1 .gallery-caption {\n\t\t\t\tmargin-left: 0;\n\t\t\t}\n\t\t\t\/* see gallery_shortcode() in wp-includes\/media.php *\/\n\t\t<\/style>\n\t\t<div id='gallery-1' class='gallery galleryid-4 gallery-columns-3 gallery-size-thumbnail'><dl class='gallery-item'>\n\t\t\t<dt class='gallery-icon landscape'>\n\t\t\t\t<img width=\"150\" height=\"88\" src=\"https:\/\/fechalar.com.br\/wp-content\/uploads\/2016\/11\/lafonte-150x88.jpg\" class=\"attachment-thumbnail size-thumbnail\" alt=\"\" loading=\"lazy\" srcset=\"https:\/\/fechalar.com.br\/wp-content\/uploads\/2016\/11\/lafonte-150x88.jpg 150w, https:\/\/fechalar.com.br\/wp-content\/uploads\/2016\/11\/lafonte.jpg 240w\" sizes=\"(max-width: 150px) 100vw, 150px\" \/>\n\t\t\t<\/dt><\/dl><dl class='gallery-item'>\n\t\t\t<dt class='gallery-icon landscape'>\n\t\t\t\t<img width=\"150\" height=\"88\" src=\"https:\/\/fechalar.com.br\/wp-content\/uploads\/2016\/11\/papaiz-150x88.jpg\" class=\"attachment-thumbnail size-thumbnail\" alt=\"\" loading=\"lazy\" srcset=\"https:\/\/fechalar.com.br\/wp-content\/uploads\/2016\/11\/papaiz-150x88.jpg 150w, https:\/\/fechalar.com.br\/wp-content\/uploads\/2016\/11\/papaiz.jpg 240w\" sizes=\"(max-width: 150px) 100vw, 150px\" \/>\n\t\t\t<\/dt><\/dl><dl class='gallery-item'>\n\t\t\t<dt class='gallery-icon landscape'>\n\t\t\t\t<img width=\"150\" height=\"88\" src=\"https:\/\/fechalar.com.br\/wp-content\/uploads\/2016\/11\/imab-150x88.jpg\" class=\"attachment-thumbnail size-thumbnail\" alt=\"\" loading=\"lazy\" srcset=\"https:\/\/fechalar.com.br\/wp-content\/uploads\/2016\/11\/imab-150x88.jpg 150w, https:\/\/fechalar.com.br\/wp-content\/uploads\/2016\/11\/imab.jpg 240w\" sizes=\"(max-width: 150px) 100vw, 150px\" \/>\n\t\t\t<\/dt><\/dl><br style=\"clear: both\" \/><dl class='gallery-item'>\n\t\t\t<dt class='gallery-icon landscape'>\n\t\t\t\t<img width=\"150\" height=\"88\" src=\"https:\/\/fechalar.com.br\/wp-content\/uploads\/2016\/11\/stam-150x88.jpg\" class=\"attachment-thumbnail size-thumbnail\" alt=\"\" loading=\"lazy\" srcset=\"https:\/\/fechalar.com.br\/wp-content\/uploads\/2016\/11\/stam-150x88.jpg 150w, https:\/\/fechalar.com.br\/wp-content\/uploads\/2016\/11\/stam.jpg 240w\" sizes=\"(max-width: 150px) 100vw, 150px\" \/>\n\t\t\t<\/dt><\/dl><dl class='gallery-item'>\n\t\t\t<dt class='gallery-icon landscape'>\n\t\t\t\t<img width=\"150\" height=\"88\" src=\"https:\/\/fechalar.com.br\/wp-content\/uploads\/2016\/11\/uniao-150x88.jpg\" class=\"attachment-thumbnail size-thumbnail\" alt=\"\" loading=\"lazy\" srcset=\"https:\/\/fechalar.com.br\/wp-content\/uploads\/2016\/11\/uniao-150x88.jpg 150w, https:\/\/fechalar.com.br\/wp-content\/uploads\/2016\/11\/uniao.jpg 240w\" sizes=\"(max-width: 150px) 100vw, 150px\" \/>\n\t\t\t<\/dt><\/dl><dl class='gallery-item'>\n\t\t\t<dt class='gallery-icon landscape'>\n\t\t\t\t<img width=\"150\" height=\"88\" src=\"https:\/\/fechalar.com.br\/wp-content\/uploads\/2016\/11\/dorma-150x88.jpg\" class=\"attachment-thumbnail size-thumbnail\" alt=\"\" loading=\"lazy\" srcset=\"https:\/\/fechalar.com.br\/wp-content\/uploads\/2016\/11\/dorma-150x88.jpg 150w, https:\/\/fechalar.com.br\/wp-content\/uploads\/2016\/11\/dorma.jpg 240w\" sizes=\"(max-width: 150px) 100vw, 150px\" \/>\n\t\t\t<\/dt><\/dl><br style=\"clear: both\" \/>\n\t\t<\/div>\n\n<p>&nbsp;<\/p>\n<h3><span style=\"color: #ff6600;\">Loja:<\/span><\/h3>\n<p><img loading=\"lazy\" class=\"alignnone wp-image-223\" src=\"http:\/\/www.fechalar.com.br\/wp-content\/uploads\/2016\/11\/MG_9091-300x200.jpg\" alt=\"_mg_9091\" width=\"712\" height=\"474\" srcset=\"https:\/\/fechalar.com.br\/wp-content\/uploads\/2016\/11\/MG_9091-300x200.jpg 300w, https:\/\/fechalar.com.br\/wp-content\/uploads\/2016\/11\/MG_9091-150x100.jpg 150w, https:\/\/fechalar.com.br\/wp-content\/uploads\/2016\/11\/MG_9091-768x512.jpg 768w, https:\/\/fechalar.com.br\/wp-content\/uploads\/2016\/11\/MG_9091-1024x683.jpg 1024w, https:\/\/fechalar.com.br\/wp-content\/uploads\/2016\/11\/MG_9091-272x182.jpg 272w\" sizes=\"(max-width: 712px) 100vw, 712px\" \/><img loading=\"lazy\" class=\"alignnone wp-image-224\" src=\"http:\/\/www.fechalar.com.br\/wp-content\/uploads\/2016\/11\/MG_9084-300x200.jpg\" alt=\"_mg_9084\" width=\"712\" height=\"474\" srcset=\"https:\/\/fechalar.com.br\/wp-content\/uploads\/2016\/11\/MG_9084-300x200.jpg 300w, https:\/\/fechalar.com.br\/wp-content\/uploads\/2016\/11\/MG_9084-150x100.jpg 150w, https:\/\/fechalar.com.br\/wp-content\/uploads\/2016\/11\/MG_9084-768x512.jpg 768w, https:\/\/fechalar.com.br\/wp-content\/uploads\/2016\/11\/MG_9084-1024x683.jpg 1024w, https:\/\/fechalar.com.br\/wp-content\/uploads\/2016\/11\/MG_9084-272x182.jpg 272w\" sizes=\"(max-width: 712px) 100vw, 712px\" \/><\/p>\n<p>&nbsp;<\/p>\n","protected":false},"excerpt":{"rendered":"<p>Fundada no ano de 1986 em Porto Alegre, a Casa das Fechaduras Sul Ltda. (cujo nome fantasia \u00e9 FECHA LAR Fechaduras) possui uma ampla \u00e1rea de atendimento e show room\u00a0completo com fechaduras, puxadores, cilindros, dobradi\u00e7as, cremonas, acess\u00f3rios, cadeados, molas hidr\u00e1ulicas e fechos eletr\u00f4nicos. Buscando a qualidade e um servi\u00e7o diferenciado de consultoria e venda com [&hellip;]<\/p>\n","protected":false},"author":1,"featured_media":0,"parent":0,"menu_order":0,"comment_status":"closed","ping_status":"closed","template":"","meta":[],"_links":{"self":[{"href":"https:\/\/fechalar.com.br\/index.php?rest_route=\/wp\/v2\/pages\/4"}],"collection":[{"href":"https:\/\/fechalar.com.br\/index.php?rest_route=\/wp\/v2\/pages"}],"about":[{"href":"https:\/\/fechalar.com.br\/index.php?rest_route=\/wp\/v2\/types\/page"}],"author":[{"embeddable":true,"href":"https:\/\/fechalar.com.br\/index.php?rest_route=\/wp\/v2\/users\/1"}],"replies":[{"embeddable":true,"href":"https:\/\/fechalar.com.br\/index.php?rest_route=%2Fwp%2Fv2%2Fcomments&post=4"}],"version-history":[{"count":22,"href":"https:\/\/fechalar.com.br\/index.php?rest_route=\/wp\/v2\/pages\/4\/revisions"}],"predecessor-version":[{"id":792,"href":"https:\/\/fechalar.com.br\/index.php?rest_route=\/wp\/v2\/pages\/4\/revisions\/792"}],"wp:attachment":[{"href":"https:\/\/fechalar.com.br\/index.php?rest_route=%2Fwp%2Fv2%2Fmedia&parent=4"}],"curies":[{"name":"wp","href":"https:\/\/api.w.org\/{rel}","templated":true}]}}