{"id":44,"date":"2016-11-01T14:31:37","date_gmt":"2016-11-01T16:31:37","guid":{"rendered":"http:\/\/www.fechalar.com.br\/?page_id=44"},"modified":"2016-12-18T11:54:07","modified_gmt":"2016-12-18T13:54:07","slug":"servicos","status":"publish","type":"page","link":"https:\/\/fechalar.com.br\/?page_id=44","title":{"rendered":"Servi\u00e7os"},"content":{"rendered":"<p style=\"text-align: justify;\"><span style=\"color: #333333;\">Para sua comodidade e melhor atend\u00ea-lo, oferecemos uma s\u00e9rie de servi\u00e7os essenciais com profissionais especializados.<\/span><\/p>\n<h3><span style=\"color: #ff6600;\">Para resid\u00eancias e empresas:<\/span><\/h3>\n<p style=\"text-align: justify;\"><span style=\"color: #333333;\">*Atendimento especializado a domicilio;<\/span><br \/>\n<span style=\"color: #333333;\"> *Abertura de portas em geral, sem danificar a fechadura;<\/span><br \/>\n<span style=\"color: #333333;\"> *Abertura de cofres, e confec\u00e7\u00e3o de chaves para o mesmo;<\/span><br \/>\n<span style=\"color: #333333;\"> *Alongamento de cilindros;<\/span><br \/>\n<span style=\"color: #333333;\"> *Coloca\u00e7\u00e3o de Barra anti-p\u00e2nico;<\/span><br \/>\n<span style=\"color: #333333;\"> *Coloca\u00e7\u00e3o de mola hidr\u00e1ulica;<\/span><br \/>\n<span style=\"color: #333333;\"> *Coloca\u00e7\u00e3o de mola de piso;<\/span><br \/>\n<span style=\"color: #333333;\"> *Coloca\u00e7\u00e3o de mola de topo;<\/span><br \/>\n<span style=\"color: #333333;\"> *Coloca\u00e7\u00e3o de dobradi\u00e7as em geral;<\/span><br \/>\n<span style=\"color: #333333;\"> *Coloca\u00e7\u00e3o e conserto de fechaduras;<\/span><br \/>\n<span style=\"color: #333333;\"> *Iguala\u00e7\u00e3o de fechaduras e cadeados;<\/span><br \/>\n<span style=\"color: #333333;\"> *Mestragens;<\/span><br \/>\n<span style=\"color: #333333;\"> *Servi\u00e7o de serralheria, como solda e confec\u00e7\u00e3o de pe\u00e7as;<\/span><br \/>\n<span style=\"color: #333333;\"> *Troca de segredos de fechaduras e cadeados;<\/span><\/p>\n<p style=\"text-align: justify;\"><span style=\"color: #333333;\">Ligue agora (51) 3228-6962 ou contate pelo<\/span> <span style=\"color: #00ff00;\">WhatsApp<\/span> <span style=\"color: #333333;\">(51) 99256-4433 e fa\u00e7a a sua solicita\u00e7\u00e3o.<\/span><\/p>\n<p><img loading=\"lazy\" class=\"alignnone wp-image-45\" src=\"http:\/\/www.fechalar.com.br\/wp-content\/uploads\/2016\/11\/servicoImage-300x191.jpg\" alt=\"servicoimage\" width=\"616\" height=\"392\" srcset=\"https:\/\/fechalar.com.br\/wp-content\/uploads\/2016\/11\/servicoImage-300x191.jpg 300w, https:\/\/fechalar.com.br\/wp-content\/uploads\/2016\/11\/servicoImage.jpg 400w\" sizes=\"(max-width: 616px) 100vw, 616px\" \/><\/p>\n","protected":false},"excerpt":{"rendered":"<p>Para sua comodidade e melhor atend\u00ea-lo, oferecemos uma s\u00e9rie de servi\u00e7os essenciais com profissionais especializados. Para resid\u00eancias e empresas: *Atendimento especializado a domicilio; *Abertura de portas em geral, sem danificar a fechadura; *Abertura de cofres, e confec\u00e7\u00e3o de chaves para o mesmo; *Alongamento de cilindros; *Coloca\u00e7\u00e3o de Barra anti-p\u00e2nico; *Coloca\u00e7\u00e3o de mola hidr\u00e1ulica; *Coloca\u00e7\u00e3o de [&hellip;]<\/p>\n","protected":false},"author":1,"featured_media":0,"parent":0,"menu_order":0,"comment_status":"closed","ping_status":"closed","template":"","meta":[],"_links":{"self":[{"href":"https:\/\/fechalar.com.br\/index.php?rest_route=\/wp\/v2\/pages\/44"}],"collection":[{"href":"https:\/\/fechalar.com.br\/index.php?rest_route=\/wp\/v2\/pages"}],"about":[{"href":"https:\/\/fechalar.com.br\/index.php?rest_route=\/wp\/v2\/types\/page"}],"author":[{"embeddable":true,"href":"https:\/\/fechalar.com.br\/index.php?rest_route=\/wp\/v2\/users\/1"}],"replies":[{"embeddable":true,"href":"https:\/\/fechalar.com.br\/index.php?rest_route=%2Fwp%2Fv2%2Fcomments&post=44"}],"version-history":[{"count":6,"href":"https:\/\/fechalar.com.br\/index.php?rest_route=\/wp\/v2\/pages\/44\/revisions"}],"predecessor-version":[{"id":794,"href":"https:\/\/fechalar.com.br\/index.php?rest_route=\/wp\/v2\/pages\/44\/revisions\/794"}],"wp:attachment":[{"href":"https:\/\/fechalar.com.br\/index.php?rest_route=%2Fwp%2Fv2%2Fmedia&parent=44"}],"curies":[{"name":"wp","href":"https:\/\/api.w.org\/{rel}","templated":true}]}}